lculate (-4 - (-4 - 6)) + 4 + 4.
14
Evaluate -13 + (4 - 21) - -36.
6
What is the value of 4 + -3 - (-6 - -1) - (48 - 45)?
3
What is -23 + (0 - -45) + 15?
37
Calculate (14 - 7) + (6 - -1 - 3).
11
Calculate (-19 - (6 + 12 - 25)) + (2 - 1).
-11
Evaluate 6 + (4 - 23) - (-2 - -5).
-16
What is the value of (-44 - -53) + (1 - 11) + -12?
-13
What is 10 + (13 - (-3 - -4) - 12)?
10
Evaluate 2 + -53 + 54 + (24 - 4).
23
What is the value of (26 - 57 - -18) + 9?
-4
What is -15 + -10 - (6 - 28)?
-3
Evaluate -26 - (7 + -23 + (-4 - -4)).
-10
Evaluate -10 + -4 + (5 - (-6 + (4 - -1))).
-8
What is the value of 4 + (-3 - 1) + (-1 - (-13 + 1))?
11
What is 32 - 1 - (6 - 2 - (82 - 86))?
23
What is the value of 12 + (2 - (12 - -1)) + -3?
-2
What is the value of (-10 - 2) + (95 - 90)?
-7
Evaluate (0 - -17) + (-18 - (54 + -17)).
-38
Evaluate (7 - 31) + -28 + 47.
-5
-83 + 86 + (-11 + 7 - 3)
-4
Evaluate -20 + 9 - (-7 - 5).
1
Calculate -9 + 0 + (512 - 513).
-10
(28 + -12 - 6) + -31
-21
Evaluate -43 + 54 + -31 + 46.
26
Evaluate 4 + (20 - 32) + -20.
-28
Evaluate -10 - -4 - 7 - (0 - -3) - -4.
-12
Evaluate (12 - (-17 - -29) - (2 + -1)) + -5.
-6
What is 4 + 17 + -13 - (7 - -18)?
-17
3 - (0 + (-25 - -9))
19
(6 + -7 - 3) + 0 + -2 + 1
-5
Calculate -4 + 11 + 1 + -3.
5
Calculate -17 + (-1 - (1 - (19 + -9))).
-9
What is the value of -3 - 0 - (-4 - (-10 - 1 - -11))?
1
What is the value of 64 + -60 - (2 + -2 + 1)?
3
What is the value of -598 - -594 - (10 + -2 - -2)?
-14
Calculate (2 - (3 + (28 - -1))) + (-160 - -163).
-27
What is (70 - 69) + -8 + 30?
23
What is the value of (-3 + 10 - 23 - -7) + 16 + -15?
-8
Evaluate 5 + (3 - (-2 + (-4 - -4)) - 8).
2
What is the value of (-7 - -14) + 28 + -21?
14
What is the value of 0 - (-26 + -14 - -17 - (-6 + 1))?
18
What is -31 + (-3 - -1) + (-10 - -15) + -13?
-41
Calculate -3 - (41 - 15) - -51.
22
Calculate (-1 - (-17 - -10)) + 8 - 0.
14
What is the value of (23 - 14 - 3) + (-4 - (-3 - 9))?
14
23 - (28 - -8) - -13
0
What is the value of 9 - -16 - 4 - 8?
13
-4 - (5 - (-5 + -2 + (-2 - -7)))
-11
Evaluate 13 - (-14 - (12 + -16)).
23
What is 11 + (-19 - -7) + -17 - -11?
-7
-11 + (53 - 16) + -46
-20
What is 55 + -21 - 12 - 33?
-11
Evaluate -9 - -12 - (-6 + (5 - 4) + 12).
-4
Evaluate 64 - 103 - (-17 + -4).
-18
Calculate -14 - -10 - (5 + -20).
11
-501 + 491 - (-33 - 1)
24
Calculate 1 + -1 - (-19 + (-15 - -17) + 29).
-12
What is (-70 - (-13 + -24)) + 12?
-21
What is the value of -8 + 12 + 37 - 23?
18
What is the value of -3 + 7 - -15 - (6 + (3 - 10))?
20
Calculate (-8 - -20) + 1 + (-19 - -20).
14
What is the value of (-5 - (10 - 28)) + -7 + -4 + 0?
2
Evaluate 7 - (-11 + 10 + 8) - (1 - -2).
-3
What is 16 - (20 - 9) - (1 + 6 + -3)?
1
Calculate 1 - (9 - (8 - -7) - 7).
14
Evaluate -20 + 24 - (-46 + 25).
25
Calculate (4 - -2) + 5 + -7 + 10.
14
-15 - (-38 + 31 - 17)
9
Calculate (-7 - (9 + -5 + 4)) + 6.
-9
Calculate 17 + -18 + 9 - (1 + 0 + -9).
16
Evaluate 1 + -3 - (24 + (23 - 49)).
0
-14 + 2 - (186 + -201)
3
5 + -22 - -20 - (-3 + -1)
7
Evaluate 14 + 13 + (-11 + -4 - -4).
16
What is -113 - -126 - (1 + 15)?
-3
Evaluate -18 - (-6 - (2 + (-1 - (0 + 2)))).
-13
What is the value of 4 - (2 - -2 - (-18 - -14)) - 8?
-12
What is (-4 - 17) + -372 + 364?
-29
-3 + 9 + 217 + -204
19
(-123 - -125) + -4 + 1
-1
Evaluate (1 - 5) + (-4 - -21) + 3.
16
Calculate -49 - (20 + -19 - 25).
-25
-2 + 3 - (-49 + 38)
12
What is the value of -30 - 44 - (-61 - -24)?
-37
Calculate (-10 - 2) + (14 - 6).
-4
Evaluate (0 - 6 - (11 + -24)) + 1 + 7.
15
Calculate 27 - (11 - (-19 - -23)).
20
Calculate (6 - (-5 - (-1 - 6))) + 2 - -6.
12
What is 7 + 11 + -13 - (3 - (-3 - 0))?
-1
What is the value of -9 - ((38 - -2) + -38)?
-11
Evaluate 4 + -3 - (-42 - -51) - 6.
-14
Evaluate -28 + (-13 - (12 - 29)).
-24
Calculate -20 + 12 + 17 - (-10 - 2).
21
What is 4 - (-7 - (2 + 0))?
13
Evaluate -1 + -1 - -8 - (-1 + 6 - -16).
-15
Calculate (2 - -8) + (0 - (6 + -6)).
10
Calculate -8 + 9 + (0 - (-4 - -5)).
0
What is the value of (5 - 33) + 9 + 4 + -7 + -3?
-25
-16 + (12 + 0 + -9 - -4)
-9
What is -14 + (-3 - 0) + -1 + (-130 - -137)?
-11
What is 22 - 28 - (-23 + 2)?
15
What is the value of 5 - (8 + -4) - (44 - 37)?
-6
What is the value of -6 - (-6 + 3) - (48 - 66)?
15
-3 + 8 + 393 + -376
22
Calculate -8 - (7 - (3 + (6 - 6) - 5)).
-17
What is the value of -6 + 0 + 369 + -331?
32
What is the value of 25 - 18 - (30 + (-2 - (-9 - -2)))?
-28
Calculate 0 + 6 + 17 + -18 - (-3 - 2).
10
What is -1 - 28 - (-36 + 9)?
-2
Calculate 27 + (-1 - 5) + (1 - 8).
14
What is (-6 - -11 - 19) + (-4 - 8) + 7?
-19
What is the value of -7 - (1 + 4 + -26 + 13)?
1
-1 - -1 - (-17 + 6 + 0)
11
Calculate (-3 - (-11 - 11)) + -16.
3
What is the value of -27 + 71 + -24 + 3?
23
What is 13 + -5 + (-1 - 8) + -7?
-8
Evaluate -18 - 1 - (14 - 0 - (78 - 56)).
-11
What is -24 - -8 - (48 + -43)?
-21
Calculate -917 + 923 + (-2 - (9 - -1)).
-6
Calculate 5 - (7 - -1 - -2) - -7.
2
41 + -44 - (-1 - -8) - -5 - -18
13
-12 + (-8 - -41 - 17) + 5
9
Evaluate -11 + (-4 - 8 - -8) + 5.
-10
Calculate 27 + 5 + -38 + 0 + -1.
-7
What is -7 + (2 - (-7 - -6 - -4)) + 5?
-3
Calculate -17 - (12 - 9) - -9.
-11
(-17 - 29) + -7 - -29
-24
Evaluate -47 - -54 - (1 + 7) - 7.
-8
Calculate 2 + (-7 - -11 - 10) + 14.
10
What is the value of (2 - 0) + (17 - 26) + 15?
8
Calculate 35 - (85 + -21) - -1.
-28
What is 2 + (8 + -2 - (10 + -9))?
7
What is the value of 12 + 1 + (-207 - -202)?
8
What is 54 - 71 - (16 + -50)?
17
What is -21 - (12 - (81 + -27))?
21
1 + (-6 + 8 + -21 - -4 - 3)
-17
Calculate 21 + -32 + 12 + -31.
-30
What is the value of -1 + -14 + 23 + -8 + -7 + 1?
-6
Calculate (2 - ((2 - 0) + 1)) + (-8 - -2).
-7
What is -2 + (-4 - -20) - 15 - -27?
26
Calculate -4 + -1 + 14 + (8 - 2 - 6).
9
Evaluate -3 + 3 + 6 - (72 + -73).
7
30 + -43 - (2 - (5 + -3))
-13
What is the value of -8 + (25 - 25) + (1 - -6)?
-1
What is 12 + -12 + 1 - (-4 - -2)?
3
What is the value of (-75 - (16 + -39)) + 29?
-23
17 + -9 - 1 - (-3 + (-6 - -3))
13
What is the value of 2 + 5 - (20 - -7 - 4) - 0?
-16
What is the value of (23 - (-18 - 0)) + -37?
4
Calculate (6 + -2 - 11) + (18 - 15).
-4
Calculate (-92 - -85) + (-17 - -3).
-21
Evaluate (3 + -12 - -3) + 9.
3
What is the value of (37 - 8) + -2 - -3 - (-15 + 23)?
22
Evaluate -24 - (24 - 13 - 20).
-15
Calculate -9 + (6 - (-8 + 1 - (15 + -27))).
-8
4 + -1 + (7 - 1) + (13 - 7)
15
Calculate 1 + 4 + (-37 - -35).
3
Evaluate (-5 - (0 - 2)) + (-233 - -232) - -22.
18
Calculate 14 + (15 - -6 - 52).
-17
Calculate 3 - (-12 + 13) - 1.
1
Evaluate (32 - 37 - (0 + -2 + -5)) + -7.
-5
6 - (-11 + 11 + 3)
3
5 + -10 - -12 - 1
6
What is (-27 + 28 - -11) + -1?
11
What is the value of -3 + (-3 + (-2 - 5) - -2)?
-11
What is the value of -22 - -14 - (-11 + -8)?
11
Calculate 25 + 9 - (3 + (0 - (-5 - 1))).
25
What is 1 - (5 - 4) - -10 - -9?
19
4 - ((-4 + 1 - (-31 - -7)) + 0)
-17
What is 21 + -1 + (-53 + 73 - 51)?
-11
What is (-20 - (-17 + 35)) + 12 + 2?
-24
What is -14 + 22 + -5 + 1 + (1 - -3)?
8
Calculate -4 + 0 + (-9 - -4) + -3.
-12
What is the value of -5 - (1 + -2 + 17 + -144 + 137)?
-14
What is (11 - (29 + -9)) + -2 + 0 + -2?
-13
What is the value of 0 + 1 - ((13 - (-4 + 5)) + -4)?
-7
What is the value of 0 - (-12 + 11 - -7 - 30) - -2?
26
What is the value of -170 - -160 - (-4 - (-6 - 4))?
-16
8 - (-31 + 15) - 25
-1
Evaluate (5 - (-12 - -8)) + 9 - 23.
-5
Evaluate -15 + (84 + -27 - 33).
9
What is the value of (4 - 2) + 2 - (236 + -220)?
-12
What is -12 + -5 + (6 - 1) + -6?
-18
What is the value of (-2 - -12) + -10 - (2 + 2 - 4)?
0
-670 + 671 - (1 - (0 + 1 - 0))
1
27 - (-28 + 7 - -59)
-11
10 - (-5 - (-21 - 3))
-9
-22 - (-24 - -7) - (2 - (-14 + 1))
-20
Evaluate -30 + -3 + 18 + 10 + -7.
-12
What is -68 + 78 + (-3 - -1)?
8
Evaluate (-97 - -86) + 6 + -6 + 37.
26
What is the value of -14 - (2 - 9) - -6?
-1
What is 54 + -42 - (-1 - -14)?
-1
Evaluate 249 + -257 + (-4 - 1 - 0).
-13
11 + -7 + -5 - (9 + 0 + 1)
-11
What is -8 + 7 - (-18 - -43)?
-26
-1 + (-1 + 3 - (-12 - (-21 + 14)))
6
-7 - (-9 - (-12 + 6))
-4
What is the value of -3 + 8 - (5 + -1 + -13 - -35)?
-21
What is 9 + (18 - 4) + -9 + (8 - 6)?
16
Evaluate 1 + (-3 - 13) + 18.
3
(13 - (6 - 2)) + -11 + 19
17
What is 19 + 0 - (10 - (6 - 5))?
10
What is 6 - (9 + 1 + 4 + (-4 - -1))?
-5
Evaluate 7 - (-1 + (-17 - -10)).
15
Calculate 12 + -16 - -40 - 19.
17
Wh